6). Let p be 6/(3*(-3)/(-6)). Let b be l/(p/(-3)) - -2. Calculate the highest common factor of b and 20.
5
Let z(c) = 702*c**2 + 3*c + 1. Let p be z(-2). Suppose 5*s - p = -988. What is the greatest common factor of s and 33?
33
Suppose c = 3*d + 13, c + 3*d + 0 = -17. Let b be (-1 - -1)/(-4) - -1 - 0. Let p be -38*(-1 - b/c). Calculate the highest common factor of p and 152.
19
Let b(f) = -f**2 - 17*f - 31. Let t be b(-4). Calculate the highest common factor of t and 903.
21
Let m(f) = 3*f. Let s be m(1). Suppose -3*t + s = -6. Let x(g) = -g**3 + 3*g**2 + 5*g - 1. Let r be x(4). What is the greatest common factor of t and r?
3
Let k = -37 - -41. Suppose -229 = -k*y - 33. What is the greatest common factor of y and 7?
7
Let o(n) = -n**3 + 12*n**2 + 19*n + 12. Let l be o(13). Calculate the greatest common divisor of 10 and l.
10
Let a = 6 + 0. Let w = a + 10. Suppose -7*r = -16 + 2. What is the greatest common factor of w and r?
2
Suppose 8*a = -4*a + 3888. What is the greatest common divisor of a and 12?
12
Let u = -1 - -5. Suppose 0 = 2*o - 3*o - c - 1, 4*c = o - u. Suppose -10 = -2*j + 5*i - 3, o = 3*j - 4*i - 7. Calculate the highest common factor of 1 and j.
1
Let n be -8 + (-45)/(-3) + -3. Calculate the greatest common divisor of 3 and n.
1
Let j(t) be the third derivative of -t**4/24 + 23*t**3/6 + 11*t**2. Let s be j(7). What is the greatest common divisor of s and 144?
16
Let j = 81 - 141. Let a = -47 - j. Calculate the greatest common divisor of a and 26.
13
Let g(d) = -4*d - 2. Let b be g(-11). Suppose -6*f + b = -4*f. Calculate the greatest common divisor of 189 and f.
21
Let d be (20/25)/((-8)/(-300)). Calculate the greatest common factor of d and 150.
30
Let q be 6/2 + -1 + 8. Suppose -a + q - 4 = 0. Suppose -l = -a*l + 125. Calculate the highest common divisor of 5 and l.
5
Let s be (-18 - 20/5)*-1. Calculate the highest common divisor of 44 and s.
22
Let k = -16 - -18. Suppose 7 - 1 = 2*w. What is the greatest common divisor of w and k?
1
Let u(o) = -o**2 - 7*o + 11. Suppose 0*z + 5*z + 30 = -5*a, -3*a + 3*z - 24 = 0. Let c be u(a). What is the highest common divisor of 11 and c?
11
Suppose -13*x = -44*x + 2232. What is the greatest common factor of 396 and x?
36
Suppose i + 0 - 4 = 0. Suppose 2*y - 24 = -s, -i*y = s - 71 + 23. Suppose -m + 3*u - y = -4*m, 22 = 5*m + 3*u. Calculate the greatest common factor of 55 and m.
5
Let a = 52 + -48. Let q be a/18 + (-12)/54 + 16. What is the highest common divisor of q and 48?
16
Suppose x = 40 + 42. Suppose 20*o - 158 = x. What is the highest common divisor of 60 and o?
12
Let y be 720/(-3)*(-4)/5. Suppose t = -2*t + y. Let o = t - 16. What is the greatest common factor of 16 and o?
16
Suppose -3*j = 2*n - 101, -4*n + 4*j = -0*n - 152. Calculate the greatest common divisor of 86 and n.
43
Suppose s - 8 = -i - 0, 2*i = 2. Let r(u) = -2*u**2 + 28*u + 123. Let p be r(17). What is the highest common divisor of s and p?
7
Let g be (12/7)/(9/63). What is the greatest common factor of 96 and g?
12
Let t(y) = 10*y**2. Let l be t(-1). Suppose 5*a - 4*i = 561, 0 = -3*i - 15 + 3. Let n = 159 - a. Calculate the greatest common divisor of l and n.
10
Let b = 88 - 39. Calculate the highest common factor of 49 and b.
49
Suppose -3*y + 2249 = 917. Calculate the greatest common divisor of y and 60.
12
Let b be (-1826)/(-14) - 18/42. What is the greatest common factor of 39 and b?
13
Let k = 116 - 45. Let t be (2/6)/(1/57). Let n = k - t. What is the highest common factor of 130 and n?
26
Let c(r) = -13*r + 132. Let z be c(-9). Calculate the highest common factor of 3 and z.
3
Let s = -236 - -355. Calculate the highest common factor of 14 and s.
7
Let h be (-36 - -19)/(2/(-16)). What is the greatest common divisor of h and 204?
68
Let q = -20 - -40. Let t be (8/q)/((-1)/(-5)). Let j be (-3)/(t/(-64)*3). Calculate the highest common factor of 16 and j.
16
Suppose -29 - 6 = 5*k. Let g = k + 23. Let o(w) = 11*w**3 - w**2 - 3*w + 2. Let u be o(2). What is the greatest common divisor of u and g?
16
Suppose 0*r + 28 = r. Let z be -1*(-3 + 0) - -4. Suppose 0 = -z*v - 35 + 329. What is the greatest common divisor of v and r?
14
Let b(i) = i**2 + 18*i + 135. Let z be b(-5). Calculate the highest common factor of z and 310.
10
Let d = -90 - -92. Calculate the greatest common factor of 32 and d.
2
Let n be (-36825)/(-100) - 5/20. Calculate the greatest common factor of n and 16.
16
Suppose -5*r - 90 = -h, 4*h = 3*r + 288 + 89. Suppose h = 4*z - 9. What is the highest common divisor of z and 260?
26
Let q(c) = c**2 + c - 1. Let w be q(-5). Suppose -5*l + l = 8. Let i be (l + -55)*(-4 - -1). Calculate the highest common divisor of w and i.
19
Suppose -2*o = -u - 5*o + 6, -16 = -u + 2*o. Let y = -12 + 24. What is the greatest common factor of y and u?
12
Suppose -176 = -2*x - 46. Suppose 0 = 2*b - 3*i - 86, 2*b - 2*i - 86 = -7*i. Let v = b - 30. Calculate the greatest common divisor of x and v.
13
Let g(i) = i**3 + 13*i**2 + 8*i - 6. Let p be g(-6). Calculate the greatest common divisor of p and 132.
66
Let p(c) = 96*c**2 + 4*c - 2. Let d be p(1). Suppose -3*r - 2*i + 40 = 0, 3*i + 73 = 5*r - 0*r. Calculate the greatest common factor of r and d.
14
Let d be (-1 + 2)/(-3 + 31/10). Suppose 14 = 3*t - d. Calculate the greatest common divisor of 4 and t.
4
Suppose 7*b = 3*b. Suppose b*x - 6 = -2*x. Calculate the highest common factor of 6 and x.
3
Let v(z) = 14*z**2 - 13*z + 8. Let d be v(8). Suppose d = 7*x - 2*x. Let y(r) = r**2 - r + 2. Let c be y(6). What is the highest common divisor of c and x?
32
Let v(z) = z**3 - 9*z**2 + 6*z + 14. Let x be v(8). Let t be -30*(-40)/(-12)*x. Calculate the highest common divisor of 20 and t.
20
Let a = 485 + -167. Suppose 4*q + 2*m - 626 = 0, 2*q = -0*q - 2*m + a. Suppose -p = -2*p + q. What is the highest common factor of 14 and p?
14
Let r be (-2)/(((-8)/17)/4). Let q = r + -16. Let w be ((-7)/3)/(q/(-9)). What is the highest common divisor of 21 and w?
21
Let l = -87 - -182. Let s = l - -37. Let n = -5 - -17. What is the greatest common divisor of n and s?
12
Suppose 4*w = -10 + 2, 0 = 4*i + w - 558. Suppose 0*c + 5*c = i. Calculate the highest common divisor of 224 and c.
28
Let a = -12 - -89. Let k(y) = -11*y**2 - y + 7. Let m be k(0). What is the greatest common factor of a and m?
7
Let r be 2/(-4)*0 - -6. Let o(i) = -27*i**2 - 8 - 24*i**2 + i**3 + 46*i**2 - 3*i. Let g be o(r). What is the greatest common factor of g and 10?
10
Suppose 2*d + 5*t = -57, 3*t + 1 = d + 13. Let u be (162/d)/(2/(-14)). Suppose u = 4*x - 26. What is the highest common divisor of 80 and x?
20
Suppose v - 31 = 3*r - v, -r = -v + 11. Let c(h) = -h**2 - 10*h - 13. Let m be c(r). Let j be m/10 - (-6461)/65. What is the highest common factor of 9 and j?
9
Let d be ((-2)/(-5))/((-17)/(-3825)). Calculate the greatest common factor of d and 162.
18
Let j be (-4)/38 - (-22)/(6688/21008). What is the highest common factor of 276 and j?
69
Let w(r) = -2*r + 35. Let f be w(14). Calculate the greatest common factor of 63 and f.
7
Let x(p) = -p**2 + 6*p + 544. Let t be x(-18). Calculate the greatest common factor of t and 16.
16
Let x be (3/12)/(1/4). Suppose 3*c - 27 - 6 = 0. Calculate the greatest common divisor of x and c.
1
Suppose 0 = 2*w - 2. Let s be ((2 - 1) + -2)/(23/(-184)). What is the highest common factor of w and s?
1
Suppose 4*l - 4*o = -l - 20, -5*l - 3*o = -15. Suppose 2*k + k + 504 = l. Let d = -116 - k. Calculate the highest common factor of d and 13.
13
Let x(g) = -3*g**3 - 12*g**2 + 16*g + 32. Let c be x(-5). Let w be 678/5 - 6/10. What is the greatest common factor of c and w?
27
Let p be (2 - -6)*(14 - 0). What is the greatest common divisor of p and 616?
56
Let o be (-468)/(-11) - (-90)/(-165). Calculate the highest common factor of 462 and o.
42
Let h = 2672 + -2656. Let n(t) = t + 4. Let g be n(0). Calculate the highest common factor of h and g.
4
Let d(l) = l**3 + 35*l**2 - 44*l + 88. Let a be d(-36). What is the highest common factor of a and 24?
8
Let k(c) be the second derivative of c**3/6 + 21*c**2/2 + 13*c. Let s be k(-5). What is the highest common factor of 144 and s?
16
Let q = -1329 - -1497. Suppose 4*d - 3*d - 24 = 0. What is the greatest common factor of d and q?
24
Suppos